14 + 51 - (-16 + (-1 - -5))) - 8?
78
Calculate ((7 - 8) + -4 - -2) + 83 + (4 - -3).
87
What is the value of -48 + -2 + -1 + -5 + (27 - (54 + -32))?
-51
(-5 - -10) + -6 - -4 - (-2 + 1)
4
What is the value of 1 - -1 - 3 - (85 - 24 - 88)?
26
Evaluate (292 - 279) + -28 + -1.
-16
-23 + (1 - 7) + (-22 - -23) + (3 - 7)
-32
60 - (-32 + 120 + -47)
19
What is -58 + (47 - -9) - 1 - (0 - 15)?
12
-3 - ((44 - 25) + (2 - 23))
-1
What is the value of 134 - -2 - (-4896 - -5064)?
-32
What is the value of 13 - -2 - (41 + 12 + (17 - 23))?
-32
Calculate 8 + -16 + -6 + -19.
-33
Calculate (0 - 39) + (-20 - -6) + (8 - -11) + 2.
-32
What is the value of (-132 + 197 - -88) + -73?
80
Evaluate (-45 - -55 - (-2 + 12)) + (-2 - 20).
-22
Evaluate (-2140 - -2143) + -1 + 54.
56
Evaluate (54 - (17 - (47 + -41))) + (-2 - -1) + 8.
50
Evaluate -51 + 29 - (-28 - -37).
-31
Calculate (5 - (-4 + -9 + (31 + -5 - 8))) + -8.
-8
What is the value of -843 - -847 - (-2 + 43)?
-37
(18 + -24 - 7) + -13 - -23
-3
What is 9 - (12 + -12) - (6 - (-15 + 39))?
27
Evaluate -2 + -2 - (16 - 15 - -25 - 19) - -100.
89
Calculate 2 - (3 + (-2 - 50)) - (67 + -43 + -23).
50
Evaluate (28 + 0 - (184 - 175)) + -15.
4
Calculate 28 + 27 + 18 + -33 + -99.
-59
What is 19 + 2 + -3 + -10 - (8 - (-87 + 6))?
-81
What is 5 - (5 - 11) - (73 + (-4 - 10))?
-48
Evaluate -4 + 9 - (1 + -3 + (-6 - 3 - -2)).
14
Calculate 7 + 0 + -11 + -6 + 21 + -24.
-13
1 - ((-1 - 31) + 102 + -122)
53
Calculate 27 + -84 + 42 - 13.
-28
What is 3 - 44 - (5 - 1)?
-45
Evaluate -12 + 10 + -32 - (-5 + (-10 - 2)).
-17
Calculate (6 - -5 - (-26 + 34)) + 0 + 6.
9
What is the value of 6 - ((-9 - -16 - -6 - (26 - 10)) + 5)?
4
Calculate -20 + (40 - 10) + -7.
3
Evaluate (-2 - -3 - (4 - (52 - 18))) + 15.
46
Calculate 2 + -2 + (-37 - 17 - 12).
-66
What is the value of -29 + (33 - 7) + 1 - (-2 + -37 + 1)?
36
(-5 - 2) + (8 - 0 - (-43 + 0 + -8))
52
(7 - 14 - (0 + -42)) + -3 + -5 + 12
39
Evaluate 6 + 3 + (44 - (64 - 39)).
28
What is the value of -52 + 50 + -35 + 47?
10
Evaluate (-33 - (22 - (-7 + 46))) + -53 + -1.
-70
Calculate -109 + 104 + (-3 - (-17 - -19)) + (-1 - -18).
7
Evaluate -11 + (146 + 2 - ((-24 - (-29 - -12)) + 9)).
135
(5 + -79 - (1 + -5)) + 13 + (-17 - -2)
-72
What is the value of 56 + 28 + -45 - 30?
9
Calculate 19 - (7 - 30 - -17) - (-8 - -1).
32
-102 + 71 + (-10 - 40)
-81
Calculate 86 + -90 + (137 - (-9 - (-5 - 9))).
128
What is 16 - (63 - 43) - -9?
5
-26 - (-4 + 2) - (50 - (21 - -35))
-18
What is 120 + -116 - 3 - (-3 + (-5 - 2))?
11
Evaluate -11 + (-7 - -12) - (30 + 0 + 1).
-37
Calculate -419 + 320 - (-5 + 9 + -46).
-57
Evaluate -3 - -19 - (-35 - -55) - -29.
25
What is the value of (-6 + 1 - ((-10 - 23) + 7)) + (-194 - -188)?
15
Evaluate 15 - (144 - (-19 - -64 - 7)).
-91
51 + -91 - 92 - -80
-52
What is the value of 1 + -5 + 2 + -2 - (-4385 + 4364)?
17
What is 15 + 5 + -1 + (-9 - 8) - -128?
130
Evaluate 78 + -67 - (11 - -18).
-18
Evaluate ((-14 - -9 - -1) + 2 - (3 - 34)) + -10.
19
What is the value of 955 - 870 - (94 - 2)?
-7
Evaluate 1 - (38 - (16 - ((4 - -10) + -9))).
-26
Evaluate (1 - -1) + (-23 - -18) + -90 + 56.
-37
Calculate (31 - 41) + (13 + (-15 - -9) - -32).
29
Calculate 42 - (30 + 38 + -51).
25
Evaluate (-55 - (10 - 62)) + 16.
13
Evaluate -59 + (34 - 1 - -125).
99
What is -1 - 16 - (-102 + 9 - (-17 + 4))?
63
Calculate 2 + 11 + 26 + -29.
10
Calculate -64 + -2 + -54 + (2 - (33 - 82)).
-69
Evaluate -32 - -42 - 2 - 64 - -15.
-41
Calculate 125 + -81 - (-5 + (5 - 1) + (-10 - -6)).
49
What is the value of 117 + -145 - (-44 + -8)?
24
12 - (-14 - ((-7 - (4 + -10)) + -3 + -6))
16
What is the value of (49 - 161 - -32) + 89?
9
What is the value of -8 - 0 - (-4 - -88 - (15 + -10 + 22))?
-65
What is 10 + 5 + (-22 + 31 - (15 + 0))?
9
What is the value of (-1164 - -1197) + -61 + 2 + -1?
-27
Calculate 109 - (309 + -53) - -10.
-137
(-3 - (3 - 6)) + -19 + -50 + 69 + -23
-23
What is the value of -4 - (-4 + 9 + -10 + -3 - 5) - 90?
-81
Evaluate -17 + (-46 - 7 - 46).
-116
-14845 - -14981 - (0 + 77)
59
What is the value of 52 - -5 - 69 - 64?
-76
42 + -40 - -54 - (-6 - 2)
64
Calculate 34 + -1 - (-183 + 244).
-28
Evaluate -21 + (14 - -19) + -48.
-36
What is 1 + 45 + 21 + (4 - (19 + 0)) - 0?
52
What is the value of (-1 - 56 - (3862 - 3905)) + (0 - -129)?
115
What is -30 - (-7 - (-21 - -100))?
56
Calculate -7 + -55 + 60 + (5 - 0) + 21 + 9.
33
1 + 15 + 0 + (96 + -137 - -43)
18
(-113 - -203) + -74 - (-1 - 24)
41
What is the value of 2 - 16 - (-25 - (-32 + (-27 - -25)))?
-23
Evaluate (25 - 10) + -5 + -12 + -10 + -18.
-30
What is the value of 17 + (0 - -13 - (-37 - (-49 - -50)))?
68
What is the value of 4 + -1 + 0 + 25 + -55?
-27
Calculate -54 + 122 + (-50 - -40).
58
What is 107 + -39 - (1 + 12)?
55
Calculate -305 + 289 - (-22 - -1).
5
-4 + 13 + (-3 - (3 - (65 - 4)))
64
What is the value of 18 + (-13 - 13) + -17 - -5?
-20
Evaluate -4 + -5 + 12 - (26 + -21 - -92).
-94
52 - (25 + -3 - (19 - (9 + -1)))
41
Evaluate (24 + (1 - 12) - 0) + (7 + 53 - 7).
66
Calculate 1 + -62 + 0 - (-30 - -11 - (-36 - -22)).
-56
What is (-18 - (-64 + 21)) + -41 + 6?
-10
Evaluate (-4 - (6 - (17 - (-7 - -9) - 11))) + -34.
-40
22 - ((66 - -76) + -52)
-68
Evaluate -16 + 16 - -83 - (-4 - -2 - -11).
74
Evaluate -5 - (-30 - (5 + -10)) - (1417 - 1327).
-70
26 - (0 - -3 - (32 + -45 + 22))
32
Calculate 16 - (-12 - -10 - -5) - (56 + -12 + -11).
-20
Evaluate 0 + 9 + 49 + (60 + -33 - 41) + 3.
47
What is the value of -14 + (-29 - -29) - 40?
-54
(-453 - -448) + (-13 - 9 - (4 + -1))
-30
(-16 - (18 + 16 - 10)) + 13
-27
What is the value of -28 + -11 + 57 + 9?
27
Evaluate (80 - 81 - 14) + -63.
-78
What is -6 - (-5 + ((1 - 2) + -8 - (-4672 - -4796)))?
132
(33 - (13 - -23)) + -41 + -7
-51
Evaluate (406 - 353) + (-116 - 7).
-70
What is -8 + (-1 - 7) + 29 + (24 - 20) + -12?
5
Evaluate (-52 - -9) + (-33 - -26).
-50
(-4 - -7) + (-340 - -364)
27
Calculate (3 + -7 - (21 - -21)) + (7 - 15 - -7).
-47
Calculate (2 - 13) + -19 + (35 - 34).
-29
9 - (-23 - -34) - (4 - 1 - (2 - -1))
-2
-31 - (-19 + 5 + (0 - 6) - -7)
-18
-16 + 4 + -4 + 15 + -22
-23
Calculate (25 - -2) + 215 + -230.
12
-46 + 5 - (23 + (10 - 29) + 18)
-63
Evaluate (-11 + -27 - -21) + -30.
-47
Calculate (-3 - -15) + (-17 - (7 - -11)).
-23
-7 + 2 + -243 + 209 - (-1 + 6 - 13)
-31
What is the value of -60 - (3 + 1 + 9 + -12)?
-61
Calculate (-141 - -44 - -95) + (2 - 67).
-67
Evaluate -52 - (33 + (-64 - -5)) - (-1 - -3).
-28
What is the value of -3 - ((-11 - -6) + 13) - (-46 + 11)?
24
Evaluate 25 + 24 + -20 - 25 - -56.
60
Evaluate -2 - (69 - (19 - -50)) - (32 - -1).
-35
(0 - (3 + 56)) + (-1065 - -1067)
-57
Calculate 62 + 1 + 23 - 47.
39
Calculate 0 + -108 + 2745 + -2729 + -19.
-111
Calculate -31 - (-24 - -22) - -66.
37
Calculate 0 - -14 - 21 - 7.
-14
What is (-1 + 1 - (2 - 4)) + -18260 + 18226?
-32
What is 6 + -10 + 9 + -17 + -11 + 34 - -131?
142
What is the value of 45 + -57 + 36 + -63?
-39
Evaluate (9 - 67 - 16) + 8 + 10 + -8.
-64
102 + 0 + (-289 - -306) - (27 + -6)
98
What is 52 - ((92 - -48) + -60)?
-28
Calculate (-2 - -11 - ((12 - 30) + 31)) + (5 - -2).
3
Calculate 351 + -377 + -4 + 5 + 102.
77
Evaluate 1 + -9 - (-565 - -541).
16
What is the value of -44 + 15 + 113 - 0?
84
-17 + (3 - 7) + (3138 - 3106)
11
Calculate (-5 - 14) + (-3 - -8) - 16.
-30
What is 21 - 16 - (-4 + -9 - -5 - -21)?
-8
Evaluate (12 + 6 - 17) + (1 - (-1 - -1)) + 17.
19
What is the value of -55 + 3 + (8 - (20 - -14)) + 26?
-52
-35 + (25 - -44) + -137 - (1 + 2)
-106
What is the value of -50 - (-24 + (-9 - -3 - -6) - (-57 + 45))?
-38
14 + (-12 + -1 - -77) + -46
32
Evaluate (-2 - 63) + (3 - (31 + 1)).
-94
Evaluate 1 - ((14 + -5 - 11) + (4 - -6)).
-7
Evaluate -94 - ((-17 - (-28 + 14)) + -1 + 10).
-100
Evaluate 70 + 14 + -219 + 48.
-87
1 + -5 + -1 + 91 + -147 + 10
-51
(-72 - -23) + 35 + (0 - -1) + 12
-1
What is the value of 3 - 1 - -9 - (-1 - (5 + 73 + 7))?
97
Calculate 6 + 24 + -37 + 23 + 96.
112
-54 - (-118 + 130) - -108
42
35 + -42 + (22 - (-5 + 5))
15
Evaluate (-40 - 0) + -8 + 1 + (1 + 11 - 1).
-36
Evaluate -31 - (-51 + 8) - (-6 + -1 - 81).
100
What is the value of -3 - (-58 + 2) - ((11 - 40) + 16)?
66
What is 44 + (3362 + -3351 - (16 - -1 - 1))?
39
What is (131 - 143) + 12 + 3 + -2?
1
What is the value of -3 - (7 + 14 + -9 + 8 + -31)?
8
Calculate 7 + (-5 - 19) + 31 - 51.
-37
-3 - (0 + -7 - (1